he remainder when 80968 is divided by 98.
20
What is the remainder when 3785 is divided by 415?
50
What is the remainder when 496079 is divided by 265?
264
What is the remainder when 59100 is divided by 1160?
1100
Calculate the remainder when 43032 is divided by 21412.
208
Calculate the remainder when 84235 is divided by 78.
73
What is the remainder when 2682 is divided by 1330?
22
Calculate the remainder when 88213 is divided by 723.
7
What is the remainder when 10217 is divided by 148?
5
What is the remainder when 69970 is divided by 1205?
80
Calculate the remainder when 10393 is divided by 1722.
61
Calculate the remainder when 5251 is divided by 749.
8
Calculate the remainder when 98298 is divided by 19656.
18
What is the remainder when 15106 is divided by 4988?
142
What is the remainder when 1729 is divided by 135?
109
Calculate the remainder when 34604 is divided by 4248.
620
What is the remainder when 1994 is divided by 484?
58
What is the remainder when 1299 is divided by 183?
18
What is the remainder when 1097966 is divided by 60?
26
What is the remainder when 7732 is divided by 480?
52
What is the remainder when 1822 is divided by 650?
522
What is the remainder when 41723 is divided by 453?
47
What is the remainder when 29732 is divided by 109?
84
Calculate the remainder when 25726 is divided by 1.
0
Calculate the remainder when 949568 is divided by 474782.
4
Calculate the remainder when 52984 is divided by 3.
1
What is the remainder when 1347 is divided by 340?
327
Calculate the remainder when 9577 is divided by 59.
19
What is the remainder when 6616 is divided by 320?
216
Calculate the remainder when 4044 is divided by 433.
147
What is the remainder when 334997 is divided by 111651?
44
Calculate the remainder when 79605 is divided by 79571.
34
What is the remainder when 316763 is divided by 18?
17
What is the remainder when 901032 is divided by 14?
6
Calculate the remainder when 54050 is divided by 487.
480
What is the remainder when 42042 is divided by 19?
14
Calculate the remainder when 4537 is divided by 274.
153
Calculate the remainder when 2935 is divided by 335.
255
What is the remainder when 43663 is divided by 21402?
859
What is the remainder when 18336 is divided by 143?
32
What is the remainder when 503330 is divided by 7?
2
What is the remainder when 32868 is divided by 1732?
1692
Calculate the remainder when 4634 is divided by 19.
17
What is the remainder when 95409 is divided by 2166?
105
Calculate the remainder when 96274 is divided by 42.
10
What is the remainder when 4039 is divided by 492?
103
Calculate the remainder when 7951 is divided by 7942.
9
Calculate the remainder when 7801 is divided by 7780.
21
What is the remainder when 34016 is divided by 34011?
5
Calculate the remainder when 174729 is divided by 4722.
15
Calculate the remainder when 159850 is divided by 308.
306
What is the remainder when 8087 is divided by 87?
83
What is the remainder when 94797 is divided by 203?
199
What is the remainder when 3229 is divided by 358?
7
What is the remainder when 993 is divided by 22?
3
What is the remainder when 2343 is divided by 26?
3
Calculate the remainder when 122609 is divided by 406.
403
Calculate the remainder when 7260980 is divided by 21.
20
What is the remainder when 7406 is divided by 617?
2
What is the remainder when 1850 is divided by 916?
18
Calculate the remainder when 159155 is divided by 33.
29
Calculate the remainder when 7773 is divided by 9.
6
Calculate the remainder when 2029 is divided by 530.
439
Calculate the remainder when 2711 is divided by 548.
519
What is the remainder when 222101 is divided by 205?
86
What is the remainder when 3122 is divided by 215?
112
Calculate the remainder when 116336 is divided by 3633.
80
Calculate the remainder when 2202 is divided by 399.
207
What is the remainder when 1694 is divided by 141?
2
Calculate the remainder when 68915 is divided by 13780.
15
Calculate the remainder when 33517 is divided by 222.
217
What is the remainder when 82342 is divided by 67?
66
Calculate the remainder when 5562 is divided by 5533.
29
What is the remainder when 4626 is divided by 592?
482
Calculate the remainder when 1960 is divided by 125.
85
What is the remainder when 300849 is divided by 274?
271
Calculate the remainder when 8365 is divided by 636.
97
What is the remainder when 133013 is divided by 5115?
23
Calculate the remainder when 21227 is divided by 110.
107
Calculate the remainder when 529 is divided by 201.
127
Calculate the remainder when 5515 is divided by 177.
28
What is the remainder when 98524 is divided by 262?
12
Calculate the remainder when 44410 is divided by 1929.
43
Calculate the remainder when 5329 is divided by 1754.
67
What is the remainder when 77179 is divided by 990?
949
What is the remainder when 9040 is divided by 740?
160
Calculate the remainder when 7698 is divided by 3833.
32
Calculate the remainder when 5345 is divided by 851.
239
Calculate the remainder when 689507 is divided by 358.
357
What is the remainder when 13767 is divided by 1966?
5
What is the remainder when 1578 is divided by 1532?
46
Calculate the remainder when 20432 is divided by 131.
127
What is the remainder when 20587 is divided by 10267?
53
What is the remainder when 8653 is divided by 455?
8
What is the remainder when 71276 is divided by 454?
452
What is the remainder when 136294 is divided by 39?
28
Calculate the remainder when 9070 is divided by 94.
46
Calculate the remainder when 7380 is divided by 86.
70
What is the remainder when 2676864 is divided by 836?
828
Calculate the remainder when 16288 is divided by 16264.
24
What is the remainder when 14893 is divided by 413?
25
Calculate the remainder when 10079 is divided by 5019.
41
What is the remainder when 226459 is divided by 84?
79
What is the remainder when 2248 is divided by 762?
724
What is the remainder when 2600 is divided by 235?
15
Calculate the remainder when 68236 is divided by 1004.
968
Calculate the remainder when 14160 is divided by 197.
173
Calculate the remainder when 401 is divided by 215.
186
Calculate the remainder when 212 is divided by 170.
42
What is the remainder when 4963 is divided by 171?
4
What is the remainder when 1741734 is divided by 659?
656
Calculate the remainder when 1391 is divided by 824.
567
Calculate the remainder when 6751 is divided by 339.
310
What is the remainder when 2188 is divided by 74?
42
Calculate the remainder when 177729 is divided by 214.
109
Calculate the remainder when 5181 is divided by 5171.
10
What is the remainder when 398338 is divided by 34?
28
Calculate the remainder when 760187 is divided by 54299.
1
Calculate the remainder when 114761 is divided by 571.
561
Calculate the remainder when 1180 is divided by 383.
31
Calculate the remainder when 47659 is divided by 252.
31
Calculate the remainder when 7813 is divided by 17.
10
What is the remainder when 2365 is divided by 2102?
263
Calculate the remainder when 108986 is divided by 54282.
422
Calculate the remainder when 15554 is divided by 2591.
8
What is the remainder when 19490 is divided by 260?
250
Calculate the remainder when 5118 is divided by 840.
78
What is the remainder when 3493693 is divided by 316?
313
Calculate the remainder when 377703 is divided by 124.
123
Calculate the remainder when 127535 is divided by 295.
95
Calculate the remainder when 18974 is divided by 47.
33
What is the remainder when 2012 is divided by 1859?
153
Calculate the remainder when 9893 is divided by 50.
43
What is the remainder when 49843 is divided by 49837?
6
Calculate the remainder when 503862 is divided by 12.
6
What is the remainder when 10538 is divided by 10?
8
What is the remainder when 13190 is divided by 4396?
2
Calculate the remainder when 9581 is divided by 4786.
9
What is the remainder when 106303 is divided by 23?
20
Calculate the remainder when 215431 is divided by 24.
7
What is the remainder when 15453 is divided by 935?
493
Calculate the remainder when 7487 is divided by 13.
12
Calculate the remainder when 5510 is divided by 167.
166
What is the remainder when 228952 is divided by 33?
31
What is the remainder when 2111278 is divided by 22?
4
Calculate the remainder when 13835 is divided by 92.
35
Calculate